at is the highest common divisor of 449742 and 2208?
138
Calculate the highest common factor of 31694 and 16146.
598
What is the greatest common divisor of 8162 and 581728?
742
Calculate the greatest common divisor of 84 and 142268.
28
Calculate the greatest common divisor of 8330 and 204.
34
What is the highest common factor of 13437 and 1368?
9
Calculate the highest common divisor of 2123 and 2849.
11
Calculate the highest common divisor of 2162621 and 4692.
391
What is the highest common divisor of 144 and 78832?
16
Calculate the greatest common factor of 153 and 97971.
51
Calculate the greatest common divisor of 1944 and 3537.
27
Calculate the highest common factor of 76484 and 8.
4
Calculate the greatest common divisor of 16797 and 52427.
509
Calculate the highest common factor of 5967 and 11050.
221
What is the greatest common divisor of 99 and 968868?
9
What is the greatest common factor of 4564 and 494216?
652
What is the greatest common factor of 161004 and 456?
12
Calculate the greatest common factor of 99 and 23133.
33
Calculate the highest common divisor of 34524 and 364.
28
What is the highest common divisor of 146693 and 34?
17
What is the highest common factor of 1925 and 138325?
275
What is the greatest common factor of 10936 and 200?
8
What is the highest common factor of 61 and 221857?
61
Calculate the greatest common factor of 396 and 189396.
36
Calculate the greatest common divisor of 12322 and 3434.
202
What is the highest common divisor of 10304 and 34454?
322
What is the greatest common factor of 106 and 2992168?
106
Calculate the greatest common factor of 7852 and 1716.
52
Calculate the greatest common factor of 10179 and 6409.
377
What is the highest common divisor of 346036 and 8?
4
Calculate the greatest common factor of 188413 and 327787.
2581
Calculate the greatest common factor of 2281740 and 1530.
510
What is the greatest common divisor of 86 and 2073288?
86
Calculate the highest common divisor of 7387 and 14.
1
Calculate the highest common factor of 1632 and 10121664.
1632
What is the highest common divisor of 706990 and 190?
190
Calculate the greatest common divisor of 343693 and 148.
37
What is the highest common factor of 7346867 and 781?
781
Calculate the highest common factor of 421 and 101461.
421
Calculate the greatest common divisor of 382480 and 1316.
28
Calculate the greatest common factor of 110 and 366498.
22
What is the greatest common divisor of 47000 and 2256?
376
What is the highest common divisor of 39 and 411749?
13
Calculate the highest common factor of 849821 and 7.
7
Calculate the highest common divisor of 85370 and 25.
5
Calculate the highest common factor of 2695504 and 574.
574
What is the greatest common divisor of 412 and 149350?
206
What is the highest common divisor of 4194 and 233?
233
What is the greatest common factor of 33906 and 84?
6
Calculate the highest common factor of 456160 and 32.
32
Calculate the greatest common factor of 2660 and 627.
19
Calculate the greatest common factor of 7072 and 152672.
416
Calculate the greatest common divisor of 396 and 1212.
12
Calculate the greatest common divisor of 4576 and 3575.
143
What is the highest common divisor of 131 and 5?
1
What is the highest common factor of 830 and 20335?
415
Calculate the highest common factor of 40 and 799670.
10
Calculate the highest common factor of 108 and 64854.
54
What is the highest common divisor of 3514778 and 74?
74
What is the highest common factor of 4 and 50672?
4
What is the greatest common factor of 109 and 549251?
109
What is the greatest common divisor of 880 and 2200?
440
What is the greatest common factor of 100713 and 472?
59
What is the highest common divisor of 61930 and 165?
55
What is the highest common divisor of 646751 and 201?
67
What is the highest common factor of 6310356 and 6?
6
Calculate the highest common factor of 14 and 3850.
14
Calculate the greatest common divisor of 2322 and 1677.
129
What is the greatest common factor of 2496358 and 141?
47
Calculate the greatest common factor of 11680 and 17760.
160
Calculate the greatest common factor of 259 and 210049.
259
What is the greatest common divisor of 27230 and 130?
10
What is the highest common factor of 68 and 1292?
68
What is the highest common divisor of 11 and 17809?
11
What is the greatest common factor of 585 and 353565?
45
Calculate the highest common factor of 3000 and 804.
12
Calculate the greatest common factor of 110 and 29040.
110
What is the greatest common factor of 5207853 and 21?
21
What is the highest common factor of 1165617 and 69?
69
What is the highest common factor of 14 and 152848?
2
What is the highest common factor of 274 and 62?
2
What is the greatest common factor of 6540 and 2205?
15
Calculate the greatest common factor of 3819 and 133.
19
Calculate the greatest common factor of 1050 and 1546650.
1050
What is the highest common factor of 105 and 38157?
21
What is the highest common divisor of 651798 and 392?
98
What is the greatest common divisor of 35298 and 14999?
53
Calculate the highest common divisor of 1562 and 11110.
22
What is the highest common divisor of 162 and 669114?
54
Calculate the highest common factor of 2056 and 586988.
1028
Calculate the highest common factor of 80 and 1731936.
16
What is the highest common factor of 1776 and 17328?
48
Calculate the highest common divisor of 5991064 and 4.
4
What is the highest common factor of 5390 and 6272?
98
What is the highest common divisor of 45978 and 3792?
474
What is the greatest common divisor of 420 and 42560?
140
Calculate the highest common factor of 132 and 23676.
12
What is the highest common factor of 225 and 6921?
9
What is the highest common divisor of 76140 and 45?
45
Calculate the greatest common factor of 212830 and 120.
10
Calculate the greatest common factor of 2655603 and 207.
207
What is the highest common factor of 9 and 47079?
9
What is the greatest common divisor of 34 and 324445?
17
Calculate the highest common factor of 1020 and 2965.
5
Calculate the greatest common factor of 27391 and 15093.
559
What is the highest common factor of 302 and 4957632?
302
What is the greatest common divisor of 320 and 165?
5
What is the greatest common factor of 43605 and 4332?
57
What is the highest common divisor of 84404 and 6?
2
Calculate the highest common factor of 865840 and 7672.
1096
What is the highest common factor of 1824 and 16644?
228
What is the highest common divisor of 6840 and 2616?
24
What is the highest common divisor of 12331 and 1159?
19
Calculate the highest common factor of 36272 and 48.
16
Calculate the highest common factor of 438 and 161403.
219
What is the greatest common divisor of 2629 and 704?
11
What is the greatest common factor of 497354 and 3102?
1034
What is the greatest common factor of 210 and 5115705?
105
Calculate the highest common factor of 40 and 17150.
10
What is the highest common factor of 14245 and 2625?
35
Calculate the greatest common divisor of 96 and 63204.
12
What is the greatest common divisor of 71897 and 35?
7
What is the greatest common divisor of 112 and 24920?
56
Calculate the highest common factor of 248 and 3491716.
124
What is the highest common factor of 12285 and 2520?
315
Calculate the highest common divisor of 276 and 102948.
276
Calculate the highest common divisor of 8 and 1813128.
8
Calculate the greatest common divisor of 23718 and 5226.
402
Calculate the highest common divisor of 6478 and 2624.
82
What is the greatest common divisor of 299803 and 7?
7
Calculate the greatest common divisor of 1541410 and 426.
142
Calculate the greatest common divisor of 16 and 42080.
16
What is the greatest common divisor of 2327 and 136040?
179
What is the highest common factor of 657942 and 424?
106
Calculate the greatest common factor of 261 and 1907823.
87
What is the greatest common factor of 2286 and 2017014?
762
What is the highest common factor of 113491 and 31?
31
What is the greatest common factor of 266 and 3236422?
266
Calculate the greatest common factor of 292 and 177244.
292
Calculate the highest common divisor of 416 and 20280.
104
Calculate the greatest common factor of 20560 and 160.
80
Calculate the greatest common factor of 24 and 29056.
8
What is the greates